+ -39 + 135?
132
Evaluate -14 + (38 - -34) + (-12 - -42).
88
What is the value of 110 + -197 + (-45 - -73)?
-59
What is the value of 78 - 4 - (2053 - 2110)?
131
Calculate ((-23 - -63) + 21 - -10) + -21 + 2.
52
Calculate 412 - 394 - (2 + -3 - -13) - -31.
37
What is -112 + (10 - 19 - -13) + -6 + -17?
-131
Calculate 7 - ((-8 + (-9 - -9) - -8) + 2) - 48.
-43
What is 13 + -2 - (118 - -4 - 85)?
-26
-46 - (-2 - (14 + -59) - 29)
-60
What is -42 - -38 - (6 + -3 - (-2 - -4))?
-5
What is -9 + (10 - 8 - 9) + 30 - 39?
-25
14 + -12 + -9 + 13 + -28 + 13
-9
What is the value of (29 + -62 - (-90 + 65)) + 2 + -3 + 66?
57
Evaluate (13 + 55 - (-1 - 2)) + (-90 - (-58 - 35)).
74
What is 2 - -54 - -2 - (6 - -24 - 20)?
48
(-38 - (-19 + -2)) + 18 + 11
12
What is 8 - (31 + 2 - (40 + 24 + -66))?
-27
-113 + 4 - (-633 - -552)
-28
Calculate -3 + -55 + (-56 - -223).
109
What is -17 + (13 - (-11 - -2)) + 48?
53
What is (-426 - -402) + (28 - 10) + -2?
-8
Evaluate -71 - ((0 + -14 - (87 - 113)) + 1).
-84
What is 5 + (-22 - -10) + (2 + -6 + -8 - -43)?
24
What is -34 - (71 - 141) - -46?
82
-12 + (-1 - -74) + (-29 - (-12 + 9)) + 24
59
Calculate -220 + 320 - (-6 + 7 - 23).
122
15 + 50 + 21 + -103
-17
What is the value of (-1 - -6) + (-41 - -23) + 12 + 21?
20
Evaluate (-20 - (-22 + 3)) + (8 - -3) - -35.
45
Evaluate (-6 - 3 - -3) + -822 + 726.
-102
-158 + -1 + 7672 + -7648
-135
What is 11 - (-19 - -17) - (21 - -10)?
-18
1 - 2 - -2 - 2 - (-11 + (-13 - -1))
22
Calculate -151 - (-20 + -1 + -44).
-86
What is -12 + 22 + -24 + -32?
-46
(-4 + 1 - (0 + 19 + -5)) + -8 + 4
-21
Evaluate (1 - (0 - -2)) + -11 - (608 - 617) - -63.
60
Calculate -26 + -3 + -10 + 20 + (-2 - -7) + -6.
-20
What is the value of -74 - (-121 - -72 - 4)?
-21
Calculate 3 - 0 - (-21 + (17 - -6 - -8)).
-7
Evaluate 28 + -16 + -14 + (13 - -1).
12
What is the value of 4 + 8 + -24 - -24 - (-1 + -4)?
17
What is the value of (-106 - -91) + -7 + 12 + 29 + -12?
7
13 - (-11 + 32 - (60 - 33))
19
-84 + (-6 - (-6 - (-6 + 12)) - -10)
-68
What is the value of 3 - 8 - (0 - 2) - (223 + (-186 - -74))?
-114
Calculate -62 + 70 - (-26 - (-3 + -4)).
27
Evaluate (-84 - -1) + 8531 + -8495.
-47
(-729 - -783) + (-1 - 2) + 3 + -3 + 2
53
What is 0 + (-133 - 1) - (-44 + 23 + -73 + 94)?
-134
37 + (0 - (-6 - -4)) + (-67 - -56)
28
Calculate -57 + 1 - ((-8 - (-59 - -35)) + -36).
-36
What is 4 - 4 - (12 - (-17 + -25 + -2))?
-56
What is 62 + -22 + 9 - (0 + 12)?
37
What is 12 + (2493 - 2472) + -44 + 0?
-11
Calculate (-164 - -142) + (0 - -65 - 9).
34
Calculate -14 + (-24 - (24 + 27 + -7)).
-82
What is the value of -85 + 200 + -119 + 6 + 4 + -4?
2
Evaluate 17 - (-83 - -44) - ((2 + 3 - 11) + 5).
57
7 + -82 + 24 + 91
40
What is the value of (-4 + -42 - 1) + -2144 + 2158?
-33
289 + -375 + (14 - -11)
-61
What is -3 + (-5 - (-6 - -14)) + 0 + 45 + -31?
-2
Calculate 7 + -60 + 11 + 23.
-19
-31 - (-238 - -244 - (1 - 1 - -21))
-16
Evaluate (-75 - (-173 - -61)) + 67.
104
Evaluate -11 - -6 - (-6 - (-127 - -71)).
-55
78 - (-58 - -101) - 18
17
What is (-2 - (2 - 0)) + (-23 - (-66 + 7))?
32
What is the value of -123 + -1 + (84 + -40 - 11)?
-91
What is the value of -17 - (-24 - (-60 - -147))?
94
Calculate (-36 + 10 - -12) + (6 - -1 - -2) + -86.
-91
What is 80 - 76 - -42 - 75?
-29
What is 48 + -52 + 20 + 0 - (504 + -494)?
6
What is the value of 92 - (-16 - (-33 + 21)) - (-1 - -18)?
79
What is the value of -1 + (-114 - -1) + (2345 - 2323)?
-92
Evaluate -6 + -71 - -63 - (58 - (-1 + 2)).
-71
Calculate -36 + 32 + 13 - 67.
-58
173 - ((81 - 8) + -12)
112
What is 10 - 182 - (-4 - (43 + (17 - 39)))?
-147
Evaluate -2 + 37 + 1 + (-143 - (-216 - -68)).
41
-18 - (-102 + 40 + 7 + 16)
21
What is the value of -4 - 8 - -102 - (14 + (-32 - -20))?
88
Calculate -512 + 447 + -8 + 8 + 29.
-36
Calculate (28 + 3 - 30) + 68.
69
What is 3 + (-75 - -60) + -11?
-23
What is (5 - (0 + -1)) + 6 + 14?
26
75 + (-43 - -22) + 50 + -8
96
What is the value of 34 + 13 + -39 + -1 - (-6 + -88)?
101
What is -63 + (196 - 180) + (4 - -2)?
-41
Evaluate (52 - -3) + 1043 + -1043.
55
Calculate -48 - ((5 - 28) + 0 + 300 + -287).
-38
What is (-343 + 328 - (19 - 2)) + 30?
-2
-72 - (-56 - -29) - -30 - -80
65
Calculate -3 + -45 - (-653 - -540).
65
Calculate (849 - 893) + 37 + 1 + 2.
-4
Evaluate (-140 + -3 - (-468 - -442)) + 28.
-89
What is -24 - (144 + -72 - 157)?
61
What is the value of (-342 - -357) + 35 + -1 - (1 - (-2 - 2))?
44
What is the value of -327 + 323 - (5 + -14) - (-1 - -126)?
-120
-33 - (33 + 10 + -68)
-8
Evaluate (30 - (16 + (20 - 19))) + -53 + 1.
-39
4 - (-4 + 24 + -28 - (2 + -15))
-1
What is the value of (-19 - 7 - -3) + 1 + -56?
-78
-21 + -7 + 99 + -59
12
Calculate 17 + (-3 + 7 + -9 - (-11 - -12)) + 6.
17
What is 0 + -129 + (-2461 - -2515)?
-75
Evaluate -63 - (36 + -111) - 141.
-129
What is (-133 - -279) + -144 - (-1 + 2 - (-11 - 0))?
-10
7 + -15 - (-1 - 12 - (-21 + 14))
-2
(92 - -1 - 2) + (-8366 - -8385)
110
Calculate -8 - -25 - 27 - (1 + -15).
4
What is 2 - -13 - (-132 + 159)?
-12
What is (3 - 4 - 15) + 5?
-11
Evaluate -3 - (-87 + 26 - -97).
-39
Evaluate (-1 + 7 - -1) + 10 - 52.
-35
What is 1 + (-1 + 2 - 6) + (20 - 42 - -16)?
-10
Calculate -39 + 72 + -79 + -2 + 0 + -25.
-73
(-74 - (26 - 52)) + 127
79
What is the value of (0 + 45 - (-40 - (-68 - -44))) + 3?
64
What is 21 + (-3 - 2) + -11 + 12?
17
What is the value of -1 + -41 - (-12 - (-14 - -21 - 7 - 23))?
-53
What is -3 - (2 + -11 + 8) - (-31 - 5)?
34
Calculate (-5041 - -5031) + (115 - (2 - (2 + 1))).
106
What is 2 + -7 - -128 - ((-21 - -3) + 31)?
110
What is (-1 - -1) + -32 + 9 + 11 + 6 + 0?
-6
What is the value of 22 - (22 + 21 - 29) - (-1 - 16)?
25
What is 8 - (9 - -6 - (-2 + (0 - -10)))?
1
What is -49 + (40 + -234 - -121)?
-122
What is the value of -20 - 3 - (-3 + (45 - 39))?
-26
-10 + 72 + (3 - 3 - 19) + 11
54
What is 34 + -46 + 38 - 13?
13
Calculate 30 - (-43 + 10 - (-22 + 1)).
42
What is 41 + (-17 - -4 - -1) + -18?
11
Calculate -25 - (6 + 5 + -5 - 20 - -16).
-27
20 + -13 + (7 - (-4 - -6)) + 10 + -9
13
Evaluate (-765 - -815) + (-1 - 55).
-6
What is the value of 665 + -712 - (-27 - 0)?
-20
-9 + (-26 - -30) + (3 - -3)
1
Calculate 1 + -2 - -8 - (47 + (2 - 43)) - -65.
66
(3 - -9) + (4 - (82 - 4 - (-23 + 17)))
-68
What is -18 - (9 - ((-3 - -3) + 9) - 7)?
-11
Calculate (15 + -9 - 5) + 17 + -6 + 44 + -9.
47
What is the value of (1 + -7 - (0 + -10 - (332 + -331))) + -53?
-48
Calculate -1 + 109 + 0 - (7 + (73 - 72)).
100
What is the value of -53 + (148 - (-11 + 100))?
6
Evaluate (-8 - (4 - (-11 + 14) - 3)) + -3.
-9
Calculate -62 + (-42 - -199 - 79).
16
What is -3 + (12 - (55 - (8 + -2)))?
-40
Evaluate -68 + 72 - (5 + (-3 - 5)).
7
What is the value of -4 + (-3 - 12) - -8 - (-70 - -15)?
44
(43 - -39) + (-4 - 37)
41
Calculate 0 + 3 + -6 + (-22 - 21).
-46
What is -1 + 2 - (-12 - -81) - ((-37 - -18) + 9)?
-58
What is the value of -16 - (-27 + -13) - (2 + -23)?
45
Evaluate -4 + -7 + 9 - -3 - (78 - 14).
-63
(3 - 1 - -20) + (4922 - 4925)
19
What is the value of 86 + -37 + 54 + -62?
41
Calculate -12 + (-16 + 7 - -51) + -6.
24
What is 3 + 1 - 2 - (-8 - (15 + -5 + -62))?
-42
Calculate -100 - (-10 - (7 - 4)) - -28.
-59
What is the value of 20 + (-5 - ((-15 - -36) + -30))?
24
What is the value of (4 - 2) + -4 + (51 - 128) + -47 + 50?
-76
What is the value of (-242 - -272) + (-15 - 3) - (-1 + 22)?
-9
Calculate (-13 - -24) + (-68 - -14).
-43
Evaluate -10 + 3 + 2 - (-1702 + 1689).
8
Calculate (-11 - 0) + 4 + -40 + 60 - (139 + -40).
-86
1 + 1 + 1 + -64 - (67 + -169 + 100)
-59
Calculate 27 - 52 - -25 - -1 - (-74 + -1).
76
Calculate 41 - (17 - (52 - (21 - -2))).
53
Evaluate 1 + (5 - (1 + 1) - 3) - (-1802 - -1760).
43
Evaluate -21 + (16 + 1 - (-77 - -100)).
-27
1 - 46 - (-4675 + 4656)
-26
Evaluate -27 + 7 + -5 + 6 - (-73 + 58) - 108.
-112
What is 13 + -10 + (1 - -2) + (-47 - -20)?
-21
(1 - 9) + (-23 + 59 - 30)
-2
Evaluate -20 + 2 + 9 - ((3 - 0 - -79) + -4).
-87
(-11 - (0 + 1)) + (106 - 146 - -76)
24
-1 + 8 + -8 + 11 + -3 + -11
-4
Calculate ((-4 - 6) + 3 - (20 - 22)) + (24 - -33).
52
What is -26 + 76 + -52 + (3 - 22)?
-21
Evaluate 91 + 24 + -4 - (14 + 1).
96
Calculate (73 - 30 - 103) + 1.
-59
64 + 2 + 65 + -117
14
What is (3 - (1 + -5) - (-1 + -1)) + (-23 - -61)?
47
Calculate 84 - (8 - (33 - (41 - 16)) - (5 + -1)).
88
-38 - (9 + 9 - 55) - -26
25
Evaluate (-4 - (-13 - -7)) + 5 